e 9?
-1570250
-3060a (base 13) to base 3
-11101221101
Convert -20202020220 (base 3) to base 12.
-64a80
Convert -1a7e09 (base 15) to base 10.
-1292409
41670b7 (base 12) to base 4
233002013023
-581067 (base 10) to base 2
-10001101110111001011
What is -2220211122 (base 3) in base 16?
-e081
7dd6bc (base 16) to base 10
8246972
What is eb3e2c (base 15) in base 11?
636089a
Convert 1603547 (base 9) to base 7.
10360000
Convert 413a11 (base 11) to base 6.
22122204
-12441214400 (base 5) to base 8
-73312067
18275099 (base 10) to base 11
a352397
Convert 280f8a (base 16) to base 8.
12007612
Convert 129b65b (base 13) to base 14.
ac4789
What is 59a419 (base 11) in base 9?
1708266
What is -516264 (base 10) in base 6?
-15022040
-a4b0a8 (base 14) to base 15
-74d10b
What is 307462 (base 8) in base 11?
6a864
-124484a (base 11) to base 16
-20efed
113073 (base 13) to base 5
101002124
176b90 (base 13) to base 9
1083321
-41311600 (base 8) to base 15
-b7dbd3
-111001001110010110110 (base 2) to base 14
-36b4d8
Convert -204101 (base 11) to base 6.
-11004232
What is 63524030 (base 7) in base 3?
101010120001112
20032400 (base 5) to base 2
100110101100001011
What is 3857 (base 10) in base 6?
25505
What is 130121131 (base 4) in base 11?
7a433
123113212213 (base 4) to base 3
111111111122201
What is 2601d7 (base 14) in base 7?
14051060
What is 12202021012 (base 3) in base 8?
335045
What is 1110000100101011110011 (base 2) in base 12?
129ab57
Convert 2110333 (base 5) to base 11.
24403
What is 4320421 (base 5) in base 15?
16a76
-20110100 (base 5) to base 6
-3232505
What is 2123231 (base 6) in base 14?
2a0a7
-27d850 (base 14) to base 4
-11101113232
What is 111100220202 (base 3) in base 14?
6bc56
Convert 403879 (base 12) to base 8.
3644435
What is 13310 (base 6) in base 9?
2736
347558 (base 9) to base 5
23141302
What is 10057 (base 11) in base 4?
3211233
What is -1332245512 (base 6) in base 13?
-3439382
What is -c52cb (base 14) in base 12?
-1ab06b
-1471110 (base 10) to base 2
-101100111001010000110
What is 10011111011101001110 (base 2) in base 9?
1204834
What is 35546442 (base 7) in base 5?
1301423142
10130303 (base 4) to base 9
27002
What is -ab11b (base 12) in base 11?
-145221
Convert -55070622 (base 8) to base 4.
-231013012102
Convert -11563900 (base 10) to base 5.
-10430021100
What is -1011011000001100110110 (base 2) in base 6?
-143532502
464107 (base 11) to base 8
2640336
-4302110 (base 6) to base 12
-a1936
What is 44691 (base 11) in base 4?
33303022
Convert 44b9b2 (base 14) to base 9.
4351757
Convert -10101111100010101 (base 2) to base 12.
-44019
Convert -34965 (base 12) to base 15.
-15d48
What is -64464 (base 7) in base 16?
-3e94
-12222255 (base 6) to base 5
-100020211
What is 100111011100000001 (base 2) in base 9?
265525
Convert -16171 (base 16) to base 10.
-90481
Convert -2150401 (base 6) to base 16.
-1a4c1
100210021202010 (base 3) to base 7
62134026
What is 10500533 (base 6) in base 16?
4de29
2643144 (base 7) to base 6
11233450
109b6 (base 12) to base 14
8118
What is 44772 (base 13) in base 10?
124308
Convert -21231200 (base 4) to base 5.
-2233101
118c60 (base 13) to base 14
acc6c
-659876 (base 11) to base 16
-100f7d
What is -171283 (base 16) in base 11?
-943047
-3323292 (base 10) to base 4
-30223112130
Convert -35406614 (base 7) to base 9.
-5787402
Convert -2353751 (base 8) to base 10.
-645097
-27673 (base 10) to base 2
-110110000011001
What is 493264 (base 10) in base 3?
221001122001
What is 1001010000101010111 (base 2) in base 10?
303447
-31133320121 (base 4) to base 14
-68174d
Convert -3146941 (base 10) to base 14.
-5bcbb7
What is -15a948 (base 14) in base 9?
-1376344
What is -1200012122212 (base 3) in base 9?
-1605585
Convert -b17d37 (base 16) to base 2.
-101100010111110100110111
110210310 (base 4) to base 10
84276
What is 69307 (base 11) in base 9?
162387
What is 2283563 (base 9) in base 10?
1236117
What is -1114755 (base 13) in base 2?
-10011111110011111100000
Convert bb1180 (base 15) to base 16.
880338
1881268 (base 10) to base 16
1cb4b4
What is 62422 (base 7) in base 8?
35710
Convert 534870 (base 13) to base 12.
7a1a23
29229 (base 10) to base 13
103c5
406331 (base 8) to base 7
1066503
Convert -101201311302 (base 4) to base 16.
-461d72
What is 223608 (base 9) in base 15?
29a1b
What is 1101232312 (base 4) in base 9?
560201
What is 26a1ab (base 14) in base 8?
5055253
Convert -455246 (base 7) to base 6.
-1423212
-2673616 (base 9) to base 2
-101100101110110111111
Convert 532e38 (base 15) to base 11.
2264261
Convert 11021211122221 (base 3) to base 8.
10545203
653876 (base 9) to base 14
a21b5
Convert -1bc5ac7 (base 13) to base 14.
-1333082
Convert -84172 (base 15) to base 5.
-101400312
Convert -10101110100000 (base 2) to base 10.
-11168
What is -3272563 (base 9) in base 15?
-24b863
What is -101205505 (base 7) in base 4?
-112210311031
-283201 (base 9) to base 14
-47048
a794d7 (base 15) to base 9
16011854
What is aae46 (base 16) in base 12?
2990b2
181594 (base 10) to base 2
101100010101011010
What is -4242101 (base 6) in base 15?
-418a4
What is 188876 (base 11) in base 6?
10114010
Convert -51053434 (base 6) to base 3.
-2201212000011
1b4774 (base 14) to base 10
972850
Convert -b85a01 (base 15) to base 9.
-17457111
What is 369173 (base 11) in base 5?
122130204
-11423144 (base 5) to base 15
-21e9e
What is 1121105 (base 6) in base 16?
dfc1
Convert -45769 (base 11) to base 7.
-363555
What is 26162433 (base 7) in base 5?
1102310344
Convert -11011100111001110000001 (base 2) to base 10.
-7238529
125210142 (base 7) to base 13
1884a83
-128b649 (base 12) to base 7
-43122102
10121001020 (base 3) to base 13
26280
Convert 11302101210 (base 4) to base 15.
1ee599
What is 31558408 (base 9) in base 10?
15214562
Convert -7361aa (base 12) to base 4.
-12323002102
Convert -200301222 (base 6) to base 12.
-1171812
What is -20422111 (base 5) in base 12?
-82661
Convert 451515 (base 7) to base 2.
10011011111011001
Convert 31124a (base 12) to base 13.
20c215
-176512 (base 9) to base 14
-2c006
1300242341 (base 5) to base 13
8596c4
5425474 (base 9) to base 16
2c695f
-3451322 (base 8) to base 16
-e52d2
Convert 31619 (base 11) to base 7.
251053
Convert 1006419 (base 12) to base 15.
3e2eb9
What is -198d2 (base 15) in base 3?
-11012211222
What is -6d0973 (base 14) in base 5?
-1423300332
Convert 4440324 (base 6) to base 11.
142630
117488 (base 11) to base 12
8b499
Convert -25553535 (base 6) to base 7.
-10064060
-13102301303 (base 4) to base 3
-10121010122222
-66017 (base 11) to base 10
-95850
What is 111111111011010100 (base 2) in base 14?
6b5d2
Convert 10001001111000101001 (base 2) to base 7.
4541403
Convert 948614 (base 10) to base 12.
398b72
-3a106 (base 12) to base 3
-11001020120
-1a4183 (base 12) to base 7
-3636603
Convert -4679532 (base 10) to base 6.
-244144300
Convert 118ab74 (base 12) to base 15.
478371
Convert 22a51 (base 11) to base 7.
165552
Convert 23510445 (base 6) to base 15.
e94ae
-1011015 (base 6) to base 5
-3020204
Convert 112022221121120 (base 3) to base 13.
17688c0
Convert -197204 (base 10) to base 4.
-300021110
Convert 24040004 (base 9) to base 15.
1066eba
755a7 (base 13) to base 10
211894
-10212001232 (base 4) to base 16
-12606e
1209 (base 15) to base 14
157c
What is 425a9 (base 13) in base 5?
12311442
-1100110110000110100 (base 2) to base 13
-119782
311541 (base 8) to base 10
103265
What is -30ba4 (base 15) in base 11?
-a6099
What is -20350154 (base 6) in base 5?
-122333000
What is 1013025403 (base 6) in base 4?
220003310223
Convert 11214 (base 9) to base 13.
3523
Convert 32301210 (base 5) to base 4.
1003023230
What is 3003330110 (base 4) in base 8?
3037424
Convert -21cdec (base 16) to base 14.
-419512
What is 354505 (base 9) in base 8?
640436
21256 (base 10) to base 12
10374
What is -d8cdd5 (base 14) in base 13?
-169a67c
7043347 (base 8) to base 10
1853159
What is 101012110 (base 3) in base 2?
1110100001101
Convert 1bb828 (base 13) to base 8.
2554551
Convert -33113100030 (base 4) to base 11.
-2300937
-431433420 (base 5) to base 4
-12332020200
What is -13331010 (base 5) in base 12?
-66b10
What is -683a9 (base 11) in base 15?
-1e4d6
-11413434 (base 5) to base 15
-21c2e
402334343 (base 5) to base 13
442a77
-563615 (base 8) to base 15
-3b5ee
What is -111101011000011 (base 2) in base